{"id":22304,"date":"2021-11-23T16:29:58","date_gmt":"2021-11-23T15:29:58","guid":{"rendered":"https:\/\/open2europe.com\/agencia-de-comunicacion-de-crisis\/"},"modified":"2021-12-14T10:30:35","modified_gmt":"2021-12-14T09:30:35","slug":"agencia-de-comunicacion-de-crisis","status":"publish","type":"page","link":"https:\/\/staging.open2europe.com\/es\/agencia-de-comunicacion-de-crisis\/","title":{"rendered":"Agencia de comunicaci\u00f3n de crisis"},"content":{"rendered":"<div class=\"et_d4_element et_pb_section et_pb_section_0  et_pb_css_mix_blend_mode et_section_regular et_block_section\" >\n\t\t\t\t\n\t\t\t\t\n\t\t\t\t\n\t\t\t\t\n\t\t\t\t\n\t\t\t\t\n\t\t\t\t<div class=\"et_d4_element et_pb_row et_pb_row_0  et_pb_css_mix_blend_mode et_block_row\">\n\t\t\t\t<div class=\"et_d4_element et_pb_column_4_4 et_pb_column et_pb_column_0  et_pb_css_mix_blend_mode et-last-child et_block_column\">\n\t\t\t\t\n\t\t\t\t\n\t\t\t\t\n\t\t\t\t\n\t\t\t\t<div class=\"et_pb_module et_d4_element et_pb_text et_pb_text_0  et_pb_text_align_left et_pb_bg_layout_light\">\n\t\t\t\t\n\t\t\t\t\n\t\t\t\t\n\t\t\t\t\n\t\t\t\t<div class=\"et_pb_text_inner\">Una crisis es un acontecimiento tenso que re\u00fane todos los ingredientes para atraer el inter\u00e9s de los medios de comunicaci\u00f3n y los influencers, pero tambi\u00e9n es una oportunidad para generar valor para una marca o empresa si se gestiona bien.<\/p>\n<p>Nuestros equipos acompa\u00f1an a las empresas que se enfrentan constantemente al cambio. Las preparamos para afrontar las inevitables situaciones de crisis anticip\u00e1ndolas, realizando una auditor\u00eda precisa de los riesgos y definiendo las medidas que hay que poner en marcha (mensajes, herramientas, unidad de crisis, etc.) antes, durante y despu\u00e9s de la crisis.<\/p>\n<p>Nuestro equipo multinacional de consultores podr\u00e1 acompa\u00f1arle por toda Europa y aislar una crisis en un territorio limitado.<\/p>\n<p>Nuestros Community Managers se encargar\u00e1n de preservar su reputaci\u00f3n electr\u00f3nica desactivando las situaciones de crisis que se propagan en las redes sociales y que a veces pueden convertirse en \"bad buzz\". La velocidad de difusi\u00f3n de la informaci\u00f3n en Internet nos obliga a estar constantemente atentos a las posibles se\u00f1ales para poder analizarlas y reaccionar con eficacia.<\/p>\n<p>Nuestro equipo de creaci\u00f3n de contenidos se encargar\u00e1 de proporcionar a los portavoces contenidos valiosos para restablecer la confianza duradera del mercado y del p\u00fablico.<\/div>\n\t\t\t<\/div>\n\t\t\t<\/div>\n\t\t\t\t\n\t\t\t\t\n\t\t\t\t\n\t\t\t\t\n\t\t\t<\/div>\n\t\t\t\t\n\t\t\t\t\n\t\t\t<\/div>\n","protected":false},"excerpt":{"rendered":"<p>Ante la creciente complejidad de las crisis, el aumento del poder de las redes sociales, la rapidez con la que se difunde la informaci\u00f3n, la desconfianza del p\u00fablico y la divisi\u00f3n de la opini\u00f3n, la comunicaci\u00f3n de crisis se ha convertido en un gran reto para las marcas, que necesariamente deben estar preparadas para ello<\/p>\n","protected":false},"author":1,"featured_media":0,"parent":0,"menu_order":0,"comment_status":"closed","ping_status":"closed","template":"","meta":{"_et_pb_use_builder":"off","_et_pb_old_content":"","_et_gb_content_width":"","footnotes":""},"class_list":["post-22304","page","type-page","status-publish","hentry"],"_links":{"self":[{"href":"https:\/\/staging.open2europe.com\/es\/wp-json\/wp\/v2\/pages\/22304","targetHints":{"allow":["GET"]}}],"collection":[{"href":"https:\/\/staging.open2europe.com\/es\/wp-json\/wp\/v2\/pages"}],"about":[{"href":"https:\/\/staging.open2europe.com\/es\/wp-json\/wp\/v2\/types\/page"}],"author":[{"embeddable":true,"href":"https:\/\/staging.open2europe.com\/es\/wp-json\/wp\/v2\/users\/1"}],"replies":[{"embeddable":true,"href":"https:\/\/staging.open2europe.com\/es\/wp-json\/wp\/v2\/comments?post=22304"}],"version-history":[{"count":7,"href":"https:\/\/staging.open2europe.com\/es\/wp-json\/wp\/v2\/pages\/22304\/revisions"}],"predecessor-version":[{"id":23249,"href":"https:\/\/staging.open2europe.com\/es\/wp-json\/wp\/v2\/pages\/22304\/revisions\/23249"}],"wp:attachment":[{"href":"https:\/\/staging.open2europe.com\/es\/wp-json\/wp\/v2\/media?parent=22304"}],"curies":[{"name":"wp","href":"https:\/\/api.w.org\/{rel}","templated":true}]}}

Agencia de comunicación de crisis

<div class="et_d4_element et_pb_section et_pb_section_0  et_pb_css_mix_blend_mode et_section_regular et_block_section" >
				
				
				
				
				
				
				<div class="et_d4_element et_pb_row et_pb_row_0  et_pb_css_mix_blend_mode et_block_row">
				<div class="et_d4_element et_pb_column_4_4 et_pb_column et_pb_column_0  et_pb_css_mix_blend_mode et-last-child et_block_column">
				
				
				
				
				<div class="et_pb_module et_d4_element et_pb_text et_pb_text_0  et_pb_text_align_left et_pb_bg_layout_light">
				
				
				
				
				<div class="et_pb_text_inner">Una crisis es un acontecimiento tenso que reúne todos los ingredientes para atraer el interés de los medios de comunicación y los influencers, pero también es una oportunidad para generar valor para una marca o empresa si se gestiona bien.</p>
<p>Nuestros equipos acompañan a las empresas que se enfrentan constantemente al cambio. Las preparamos para afrontar las inevitables situaciones de crisis anticipándolas, realizando una auditoría precisa de los riesgos y definiendo las medidas que hay que poner en marcha (mensajes, herramientas, unidad de crisis, etc.) antes, durante y después de la crisis.</p>
<p>Nuestro equipo multinacional de consultores podrá acompañarle por toda Europa y aislar una crisis en un territorio limitado.</p>
<p>Nuestros Community Managers se encargarán de preservar su reputación electrónica desactivando las situaciones de crisis que se propagan en las redes sociales y que a veces pueden convertirse en "bad buzz". La velocidad de difusión de la información en Internet nos obliga a estar constantemente atentos a las posibles señales para poder analizarlas y reaccionar con eficacia.</p>
<p>Nuestro equipo de creación de contenidos se encargará de proporcionar a los portavoces contenidos valiosos para restablecer la confianza duradera del mercado y del público.</div>
			</div>
			</div>
				
				
				
				
			</div>
				
				
			</div>

<p>Ante la creciente complejidad de las crisis, el aumento del poder de las redes sociales, la rapidez con la que se difunde la información, la desconfianza del público y la división de la opinión, la comunicación de crisis se ha convertido en un gran reto para las marcas, que necesariamente deben estar preparadas para ello</p>
