{"id":22719,"date":"2021-12-08T17:14:40","date_gmt":"2021-12-08T16:14:40","guid":{"rendered":"https:\/\/open2europe.com\/agencia-de-relaciones-prensa-internacional\/"},"modified":"2022-11-09T14:46:20","modified_gmt":"2022-11-09T13:46:20","slug":"agencia-de-relaciones-prensa-internacional","status":"publish","type":"page","link":"https:\/\/staging.open2europe.com\/es\/agencia-de-relaciones-prensa-internacional\/","title":{"rendered":"Agencia de Relaciones Prensa Internacional"},"content":{"rendered":"<div class=\"et_d4_element et_pb_section et_pb_section_0  et_pb_css_mix_blend_mode et_section_regular et_block_section\" >\n\t\t\t\t\n\t\t\t\t\n\t\t\t\t\n\t\t\t\t\n\t\t\t\t\n\t\t\t\t\n\t\t\t\t<div class=\"et_d4_element et_pb_row et_pb_row_0  et_pb_css_mix_blend_mode et_block_row\">\n\t\t\t\t<div class=\"et_d4_element et_pb_column_4_4 et_pb_column et_pb_column_0  et_pb_css_mix_blend_mode et-last-child et_block_column\">\n\t\t\t\t\n\t\t\t\t\n\t\t\t\t\n\t\t\t\t\n\t\t\t\t<div class=\"et_pb_module et_d4_element et_pb_text et_pb_text_0  et_pb_text_align_left et_pb_bg_layout_light\">\n\t\t\t\t\n\t\t\t\t\n\t\t\t\t\n\t\t\t\t\n\t\t\t\t<div class=\"et_pb_text_inner\">Desde 2001, Open2Europe ayuda a las marcas a promocionar su oferta ante la prensa francesa, pero tambi\u00e9n ante la extranjera, en Europa, pero tambi\u00e9n en China y en el continente norteamericano.<\/p>\n<p>Su centro de operaciones en Par\u00eds re\u00fane a responsables de prensa\/consultores de relaciones p\u00fablicas, pero tambi\u00e9n a community managers de m\u00e1s de 15 nacionalidades diferentes (Francia, Reino Unido, Italia, Espa\u00f1a, Portugal, Rusia...)<\/p>\n<p>\u00bfSu objetivo? Darle a conocer en sus mercados internacionales.<\/p>\n<p>\u00bfSu valor a\u00f1adido? Conocen a la perfecci\u00f3n los sectores de las relaciones con la prensa, las relaciones p\u00fablicas y el sector digital en sus respectivos pa\u00edses, por lo que pueden ofrecerle una estrategia de comunicaci\u00f3n a medida Hablan el idioma de los periodistas y se adaptan a los c\u00f3digos culturales de la prensa y los medios de comunicaci\u00f3n locales.<\/p>\n<p>Desde las notas de prensa hasta la organizaci\u00f3n de eventos para la prensa o influencers, desde las entrevistas individuales hasta las conferencias de prensa, la comunicaci\u00f3n que ofrece Open2Europe se adapta a sus necesidades y al pa\u00eds en cuesti\u00f3n.<\/div>\n\t\t\t<\/div>\n\t\t\t<\/div>\n\t\t\t\t\n\t\t\t\t\n\t\t\t\t\n\t\t\t\t\n\t\t\t<\/div>\n\t\t\t\t\n\t\t\t\t\n\t\t\t<\/div>\n","protected":false},"excerpt":{"rendered":"<p>La agencia de relaciones con la prensa Open2Europe acompa\u00f1a a su empresa en su comunicaci\u00f3n internacional.<\/p>\n","protected":false},"author":1,"featured_media":0,"parent":0,"menu_order":0,"comment_status":"closed","ping_status":"closed","template":"","meta":{"_et_pb_use_builder":"off","_et_pb_old_content":"<p>[fullwidth background_color=\"\" background_image=\"http:\/\/www.open2europe.com\/wp-content\/uploads\/2015\/11\/bandeaux-chine-EUROPE.jpg\" background_parallax=\"none\" enable_mobile=\"no\" parallax_speed=\"0.3\" background_repeat=\"no-repeat\" background_position=\"center center\" video_url=\"\" video_aspect_ratio=\"16:9\" video_webm=\"\" video_mp4=\"\" video_ogv=\"\" video_preview_image=\"\" overlay_color=\"\" overlay_opacity=\"0.5\" video_mute=\"yes\" video_loop=\"yes\" fade=\"no\" border_size=\"0px\" border_color=\"\" border_style=\"dashed\" padding_top=\"100px\" padding_bottom=\"100px\" padding_left=\"\" padding_right=\"\" hundred_percent=\"no\" equal_height_columns=\"no\" hide_on_mobile=\"no\" menu_anchor=\"\" class=\"\" id=\"\"][title size=\"1\" content_align=\"left\" style_type=\"none\" sep_color=\"\" margin_top=\"\" margin_bottom=\"\" class=\"\" id=\"\"]<span style=\"text-transform: uppercase; font-weight: light; color: #ffffff;\">Agence Relation Presse depuis plus de 17 ans<\/span>[\/title][\/fullwidth][fullwidth background_color=\"\" background_image=\"\" background_parallax=\"none\" enable_mobile=\"no\" parallax_speed=\"0.3\" background_repeat=\"no-repeat\" background_position=\"left top\" video_url=\"\" video_aspect_ratio=\"16:9\" video_webm=\"\" video_mp4=\"\" video_ogv=\"\" video_preview_image=\"\" overlay_color=\"\" overlay_opacity=\"0.5\" video_mute=\"yes\" video_loop=\"yes\" fade=\"no\" border_size=\"0px\" border_color=\"\" border_style=\"solid\" padding_top=\"30px\" padding_bottom=\"\" padding_left=\"0\" padding_right=\"0\" hundred_percent=\"no\" equal_height_columns=\"no\" hide_on_mobile=\"no\" menu_anchor=\"\" class=\"\" id=\"\"][three_fifth last=\"no\" spacing=\"yes\" center_content=\"no\" hide_on_mobile=\"no\" background_color=\"\" background_image=\"\" background_repeat=\"no-repeat\" background_position=\"left top\" border_position=\"all\" border_size=\"0px\" border_color=\"\" border_style=\"solid\" padding=\"\" margin_top=\"\" margin_bottom=\"\" animation_type=\"0\" animation_direction=\"down\" animation_speed=\"0.1\" class=\"\" id=\"\"][fusion_text]<\/p><p style=\"text-align: justify;\">Notre expertise, c\u2019est tout d\u2019abord une exp\u00e9rience de plus de 15 ans dans les relations m\u00e9dias, \u00e0 savoir les relations avec la presse et l\u2019ensemble des publics en ligne.<\/p><p style=\"text-align: justify;\">Nous b\u00e9n\u00e9ficions d\u2019une expertise dans tous les domaines de la communication (corporate, consumer et crise), et nous couvrons l\u2019ensemble des m\u00e9tiers li\u00e9s aux relations avec les publics : relations presse traditionnelles et 2.0, relations influenceurs et communication digitale.<\/p><p style=\"text-align: justify;\">Open2Europe vous accompagne dans l\u2019\u00e9laboration de votre strat\u00e9gie d\u2019influence, la production de contenus, la mise en \u0153uvre op\u00e9rationnelle de vos campagnes de communication, la gestion de vos situations de crise, et vous forme \u00e0 la prise de parole face aux m\u00e9dias.<\/p><p style=\"text-align: justify;\">Nos \u00e9quipes sauront vous conseiller et d\u00e9cliner nos diff\u00e9rents services pour g\u00e9n\u00e9rer une relation positive et durable aupr\u00e8s de vos parties prenantes (clients, collaborateurs, partenaires, leaders d\u2019opinions, \u2026).<\/p><p style=\"text-align: justify;\">Nous collaborons avec l\u2019ensemble des m\u00e9dias : presse papier et audiovisuelle, off et online, les blogueurs journalistes et influents, les Youtubeurs, ainsi que les r\u00e9seaux sociaux (Facebook, Linkedin, Twitter, Instagram, \u00a0...)<\/p><p style=\"text-align: justify;\">Pour cela, nous int\u00e9grons dans notre organisation et notre m\u00e9thodologie les nouveaux modes de communication li\u00e9s \u00e0 la digitalisation des m\u00e9dias. Nous communiquons via la presse avec des outils traditionnels (communiqu\u00e9 ou dossier de presse, conf\u00e9rence presse, \u2026), et nous adaptons nos supports (social media release ou communiqu\u00e9 de presse 2.0, vid\u00e9o, infographie, blog, \u2026) pour r\u00e9pondre aux exigences d\u2019une communication sur le web.<\/p><p>[\/fusion_text][\/three_fifth][two_fifth last=\"yes\" spacing=\"yes\" center_content=\"no\" hide_on_mobile=\"no\" background_color=\"\" background_image=\"\" background_repeat=\"no-repeat\" background_position=\"left top\" border_position=\"all\" border_size=\"0px\" border_color=\"\" border_style=\"\" padding=\"\" margin_top=\"\" margin_bottom=\"\" animation_type=\"\" animation_direction=\"\" animation_speed=\"0.1\" class=\"\" id=\"\"][title size=\"3\" content_align=\"left\" style_type=\"default\" sep_color=\"\" margin_top=\"\" margin_bottom=\"\" class=\"\" id=\"\"]Recevez plus d\u2019informations sur nos services[\/title][fusion_text][contact-form-7 id=\"16282\" title=\"Landing Page\"][\/fusion_text][\/two_fifth][\/fullwidth]<\/p>","_et_gb_content_width":"","footnotes":""},"class_list":["post-22719","page","type-page","status-publish","hentry"],"_links":{"self":[{"href":"https:\/\/staging.open2europe.com\/es\/wp-json\/wp\/v2\/pages\/22719","targetHints":{"allow":["GET"]}}],"collection":[{"href":"https:\/\/staging.open2europe.com\/es\/wp-json\/wp\/v2\/pages"}],"about":[{"href":"https:\/\/staging.open2europe.com\/es\/wp-json\/wp\/v2\/types\/page"}],"author":[{"embeddable":true,"href":"https:\/\/staging.open2europe.com\/es\/wp-json\/wp\/v2\/users\/1"}],"replies":[{"embeddable":true,"href":"https:\/\/staging.open2europe.com\/es\/wp-json\/wp\/v2\/comments?post=22719"}],"version-history":[{"count":6,"href":"https:\/\/staging.open2europe.com\/es\/wp-json\/wp\/v2\/pages\/22719\/revisions"}],"predecessor-version":[{"id":24110,"href":"https:\/\/staging.open2europe.com\/es\/wp-json\/wp\/v2\/pages\/22719\/revisions\/24110"}],"wp:attachment":[{"href":"https:\/\/staging.open2europe.com\/es\/wp-json\/wp\/v2\/media?parent=22719"}],"curies":[{"name":"wp","href":"https:\/\/api.w.org\/{rel}","templated":true}]}}

<div class="et_d4_element et_pb_section et_pb_section_0  et_pb_css_mix_blend_mode et_section_regular et_block_section" >
				
				
				
				
				
				
				<div class="et_d4_element et_pb_row et_pb_row_0  et_pb_css_mix_blend_mode et_block_row">
				<div class="et_d4_element et_pb_column_4_4 et_pb_column et_pb_column_0  et_pb_css_mix_blend_mode et-last-child et_block_column">
				
				
				
				
				<div class="et_pb_module et_d4_element et_pb_text et_pb_text_0  et_pb_text_align_left et_pb_bg_layout_light">
				
				
				
				
				<div class="et_pb_text_inner">Desde 2001, Open2Europe ayuda a las marcas a promocionar su oferta ante la prensa francesa, pero también ante la extranjera, en Europa, pero también en China y en el continente norteamericano.</p>
<p>Su centro de operaciones en París reúne a responsables de prensa/consultores de relaciones públicas, pero también a community managers de más de 15 nacionalidades diferentes (Francia, Reino Unido, Italia, España, Portugal, Rusia...)</p>
<p>¿Su objetivo? Darle a conocer en sus mercados internacionales.</p>
<p>¿Su valor añadido? Conocen a la perfección los sectores de las relaciones con la prensa, las relaciones públicas y el sector digital en sus respectivos países, por lo que pueden ofrecerle una estrategia de comunicación a medida Hablan el idioma de los periodistas y se adaptan a los códigos culturales de la prensa y los medios de comunicación locales.</p>
<p>Desde las notas de prensa hasta la organización de eventos para la prensa o influencers, desde las entrevistas individuales hasta las conferencias de prensa, la comunicación que ofrece Open2Europe se adapta a sus necesidades y al país en cuestión.</div>
			</div>
			</div>
				
				
				
				
			</div>
				
				
			</div>

<p>La agencia de relaciones con la prensa Open2Europe acompaña a su empresa en su comunicación internacional.</p>

<p>[fullwidth background_color="" background_image="http://www.open2europe.com/wp-content/uploads/2015/11/bandeaux-chine-EUROPE.jpg" background_parallax="none" enable_mobile="no" parallax_speed="0.3" background_repeat="no-repeat" background_position="center center" video_url="" video_aspect_ratio="16:9" video_webm="" video_mp4="" video_ogv="" video_preview_image="" overlay_color="" overlay_opacity="0.5" video_mute="yes" video_loop="yes" fade="no" border_size="0px" border_color="" border_style="dashed" padding_top="100px" padding_bottom="100px" padding_left="" padding_right="" hundred_percent="no" equal_height_columns="no" hide_on_mobile="no" menu_anchor="" class="" id=""][title size="1" content_align="left" style_type="none" sep_color="" margin_top="" margin_bottom="" class="" id=""]<span style="text-transform: uppercase; font-weight: light; color: #ffffff;">Agence Relation Presse depuis plus de 17 ans</span>[/title][/fullwidth][fullwidth background_color="" background_image="" background_parallax="none" enable_mobile="no" parallax_speed="0.3" background_repeat="no-repeat" background_position="left top" video_url="" video_aspect_ratio="16:9" video_webm="" video_mp4="" video_ogv="" video_preview_image="" overlay_color="" overlay_opacity="0.5" video_mute="yes" video_loop="yes" fade="no" border_size="0px" border_color="" border_style="solid" padding_top="30px" padding_bottom="" padding_left="0" padding_right="0" hundred_percent="no" equal_height_columns="no" hide_on_mobile="no" menu_anchor="" class="" id=""][three_fifth last="no" spacing="yes" center_content="no" hide_on_mobile="no" background_color="" background_image="" background_repeat="no-repeat" background_position="left top" border_position="all" border_size="0px" border_color="" border_style="solid" padding="" margin_top="" margin_bottom="" animation_type="0" animation_direction="down" animation_speed="0.1" class="" id=""][fusion_text]</p><p style="text-align: justify;">Notre expertise, c’est tout d’abord une expérience de plus de 15 ans dans les relations médias, à savoir les relations avec la presse et l’ensemble des publics en ligne.</p><p style="text-align: justify;">Nous bénéficions d’une expertise dans tous les domaines de la communication (corporate, consumer et crise), et nous couvrons l’ensemble des métiers liés aux relations avec les publics : relations presse traditionnelles et 2.0, relations influenceurs et communication digitale.</p><p style="text-align: justify;">Open2Europe vous accompagne dans l’élaboration de votre stratégie d’influence, la production de contenus, la mise en œuvre opérationnelle de vos campagnes de communication, la gestion de vos situations de crise, et vous forme à la prise de parole face aux médias.</p><p style="text-align: justify;">Nos équipes sauront vous conseiller et décliner nos différents services pour générer une relation positive et durable auprès de vos parties prenantes (clients, collaborateurs, partenaires, leaders d’opinions, …).</p><p style="text-align: justify;">Nous collaborons avec l’ensemble des médias : presse papier et audiovisuelle, off et online, les blogueurs journalistes et influents, les Youtubeurs, ainsi que les réseaux sociaux (Facebook, Linkedin, Twitter, Instagram,  ...)</p><p style="text-align: justify;">Pour cela, nous intégrons dans notre organisation et notre méthodologie les nouveaux modes de communication liés à la digitalisation des médias. Nous communiquons via la presse avec des outils traditionnels (communiqué ou dossier de presse, conférence presse, …), et nous adaptons nos supports (social media release ou communiqué de presse 2.0, vidéo, infographie, blog, …) pour répondre aux exigences d’une communication sur le web.</p><p>[/fusion_text][/three_fifth][two_fifth last="yes" spacing="yes" center_content="no" hide_on_mobile="no" background_color="" background_image="" background_repeat="no-repeat" background_position="left top" border_position="all" border_size="0px" border_color="" border_style="" padding="" margin_top="" margin_bottom="" animation_type="" animation_direction="" animation_speed="0.1" class="" id=""][title size="3" content_align="left" style_type="default" sep_color="" margin_top="" margin_bottom="" class="" id=""]Recevez plus d’informations sur nos services[/title][fusion_text][contact-form-7 id="16282" title="Landing Page"][/fusion_text][/two_fifth][/fullwidth]</p>
