{"id":23099,"date":"2021-12-09T17:35:46","date_gmt":"2021-12-09T16:35:46","guid":{"rendered":"https:\/\/open2europe.com\/trabajos\/"},"modified":"2021-12-16T11:33:36","modified_gmt":"2021-12-16T10:33:36","slug":"trabajos","status":"publish","type":"page","link":"https:\/\/staging.open2europe.com\/es\/trabajos\/","title":{"rendered":"Empleos"},"content":{"rendered":"<div class=\"et_d4_element et_pb_section et_pb_section_0  et_pb_css_mix_blend_mode et_section_regular et_block_section\" >\n\t\t\t\t\n\t\t\t\t\n\t\t\t\t\n\t\t\t\t\n\t\t\t\t\n\t\t\t\t\n\t\t\t\t<div class=\"et_d4_element et_pb_row et_pb_row_0  et_pb_css_mix_blend_mode et_block_row\">\n\t\t\t\t<div class=\"et_d4_element et_pb_column_4_4 et_pb_column et_pb_column_0  et_pb_css_mix_blend_mode et-last-child et_block_column\">\n\t\t\t\t\n\t\t\t\t\n\t\t\t\t\n\t\t\t\t\n\t\t\t\t<div class=\"et_pb_module et_d4_element et_pb_text et_pb_text_0  et_pb_text_align_left et_pb_bg_layout_light\">\n\t\t\t\t\n\t\t\t\t\n\t\t\t\t\n\t\t\t\t\n\t\t\t\t<div class=\"et_pb_text_inner\"><p>Para apoyar su crecimiento, Open2Europe busca constantemente nuevos talentos.<\/p>\n<p>\u00bfEs usted un experto reconocido en el \u00e1mbito de las relaciones con los medios de comunicaci\u00f3n, las relaciones con los influencers y las redes sociales?<br \/>\u00bfBusca una experiencia profesional y humana estimulante y gratificante?<br \/>\u00bfLe gustan los cambios y nuevos retos?<br \/>\u00bfQuiere usted estar inmerso en una estructura internacional y multicultural?<br \/>\u00bfEs usted conocido por su entusiasmo, dinamismo y creatividad?<\/p>\n<h4>Vacantes actuales:<\/h4>\n<ul>\n<li>CDI: Responsable de prensa superior\/confirmaci\u00f3n de la TI B2B<\/li>\n<li>CDI: Responsable de prensa\/confirmado de TI B2C<\/li>\n<li>CDI: Responsable de prensa BELGICA<\/li>\n<li>Pr\u00e1cticas: Dise\u00f1o gr\u00e1fico<\/li>\n<li>Asistente de prensa en pr\u00e1cticas (H\/M)<\/li>\n<li>Pr\u00e1cticas de asistente de ventas y marketing (H\/M)<\/li>\n<li>Responsable de prensa junior o senior para Espa\u00f1a\/Portugal<\/li>\n<li>Consultor de medios de comunicaci\u00f3n \/ Senior \/ Turismo y Transporte<\/li>\n<li>Jefe de prensa Lifestyle<\/li>\n<li>Asistente de Community Manager<\/li>\n<\/ul>\n<h4>\u00a1\u00danase a nosotros!<\/h4>\n<p>Env\u00ede su CV y su carta de presentaci\u00f3n a: <a href=\"mailto:oceane@open2europe.com\">oceane@open2europe.com<\/a><\/p><\/div>\n\t\t\t<\/div>\n\t\t\t<\/div>\n\t\t\t\t\n\t\t\t\t\n\t\t\t\t\n\t\t\t\t\n\t\t\t<\/div>\n\t\t\t\t\n\t\t\t\t\n\t\t\t<\/div>\n","protected":false},"excerpt":{"rendered":"<p>Bienvenidos al \u00e1rea de reclutamiento de Open2Europe<\/p>\n","protected":false},"author":1,"featured_media":0,"parent":0,"menu_order":0,"comment_status":"closed","ping_status":"closed","template":"","meta":{"_et_pb_use_builder":"off","_et_pb_old_content":"","_et_gb_content_width":"","footnotes":""},"class_list":["post-23099","page","type-page","status-publish","hentry"],"_links":{"self":[{"href":"https:\/\/staging.open2europe.com\/es\/wp-json\/wp\/v2\/pages\/23099","targetHints":{"allow":["GET"]}}],"collection":[{"href":"https:\/\/staging.open2europe.com\/es\/wp-json\/wp\/v2\/pages"}],"about":[{"href":"https:\/\/staging.open2europe.com\/es\/wp-json\/wp\/v2\/types\/page"}],"author":[{"embeddable":true,"href":"https:\/\/staging.open2europe.com\/es\/wp-json\/wp\/v2\/users\/1"}],"replies":[{"embeddable":true,"href":"https:\/\/staging.open2europe.com\/es\/wp-json\/wp\/v2\/comments?post=23099"}],"version-history":[{"count":8,"href":"https:\/\/staging.open2europe.com\/es\/wp-json\/wp\/v2\/pages\/23099\/revisions"}],"predecessor-version":[{"id":23567,"href":"https:\/\/staging.open2europe.com\/es\/wp-json\/wp\/v2\/pages\/23099\/revisions\/23567"}],"wp:attachment":[{"href":"https:\/\/staging.open2europe.com\/es\/wp-json\/wp\/v2\/media?parent=23099"}],"curies":[{"name":"wp","href":"https:\/\/api.w.org\/{rel}","templated":true}]}}

<div class="et_d4_element et_pb_section et_pb_section_0  et_pb_css_mix_blend_mode et_section_regular et_block_section" >
				
				
				
				
				
				
				<div class="et_d4_element et_pb_row et_pb_row_0  et_pb_css_mix_blend_mode et_block_row">
				<div class="et_d4_element et_pb_column_4_4 et_pb_column et_pb_column_0  et_pb_css_mix_blend_mode et-last-child et_block_column">
				
				
				
				
				<div class="et_pb_module et_d4_element et_pb_text et_pb_text_0  et_pb_text_align_left et_pb_bg_layout_light">
				
				
				
				
				<div class="et_pb_text_inner"><p>Para apoyar su crecimiento, Open2Europe busca constantemente nuevos talentos.</p>
<p>¿Es usted un experto reconocido en el ámbito de las relaciones con los medios de comunicación, las relaciones con los influencers y las redes sociales?<br />¿Busca una experiencia profesional y humana estimulante y gratificante?<br />¿Le gustan los cambios y nuevos retos?<br />¿Quiere usted estar inmerso en una estructura internacional y multicultural?<br />¿Es usted conocido por su entusiasmo, dinamismo y creatividad?</p>
<h4>Vacantes actuales:</h4>
<ul>
<li>CDI: Responsable de prensa superior/confirmación de la TI B2B</li>
<li>CDI: Responsable de prensa/confirmado de TI B2C</li>
<li>CDI: Responsable de prensa BELGICA</li>
<li>Prácticas: Diseño gráfico</li>
<li>Asistente de prensa en prácticas (H/M)</li>
<li>Prácticas de asistente de ventas y marketing (H/M)</li>
<li>Responsable de prensa junior o senior para España/Portugal</li>
<li>Consultor de medios de comunicación / Senior / Turismo y Transporte</li>
<li>Jefe de prensa Lifestyle</li>
<li>Asistente de Community Manager</li>
</ul>
<h4>¡Únase a nosotros!</h4>
<p>Envíe su CV y su carta de presentación a: <a href="mailto:oceane@open2europe.com">oceane@open2europe.com</a></p></div>
			</div>
			</div>
				
				
				
				
			</div>
				
				
			</div>

<p>Bienvenidos al área de reclutamiento de Open2Europe</p>
